the greatest common factor of b and 24341.
101
Let h be 10*((-21)/(-6) + -3). Suppose 0 = -2*o - v + 52, 2*o + o = -h*v + 71. Calculate the highest common factor of o and 12.
3
Let f be ((-81)/(-6))/(256/(-253) - -1)*-2. What is the highest common factor of 594 and f?
99
Suppose 29*f + 165*f + 93*f = -63*f + 259350. Let p = 106 - 67. What is the greatest common factor of p and f?
39
Let t be 1 - -33 - (-3)/3. Let j = 882 + -880. Let f be (-5 + j - -9) + 3 + -2. Calculate the highest common divisor of f and t.
7
Suppose 41*z - 512 - 349 = 0. Suppose z*b + 12*b - 3168 = 0. Calculate the highest common factor of b and 18.
6
Let n = -6 - -18. Let q = -10040 + 10100. Calculate the greatest common factor of n and q.
12
Let p = -756942 + 757074. Let q = 73 + -23. Let s = -6 + q. What is the highest common divisor of s and p?
44
Suppose -59*b + 2164 = -3205. Calculate the highest common factor of 351 and b.
13
Let b be (1*(-5 + 1))/((-18)/792). Calculate the highest common factor of 2200 and b.
88
Let y(f) = f + 3. Let u(d) = -27*d - 103. Let m(a) = u(a) - 4*y(a). Let p be m(-10). What is the greatest common factor of p and 30?
15
Suppose -15 = -5*i - 5*l, -3*l + 2*l = -2*i - 6. Let p(d) = -185*d**3 - 2*d**2 - 4*d - 2. Let o be p(i). What is the highest common divisor of o and 5?
5
Let d be 8/(72/(-261)) - (-1 + -1). Let a(i) = -20*i - 124. Let z be a(d). What is the greatest common factor of 26 and z?
26
Let a be (-2)/(-1)*(-2 - -4). Suppose t = a*h - 20, 0*t - 32 = -4*h - 2*t. Let y be 24*h/45*(1 - -14). Calculate the highest common divisor of 12 and y.
12
Let i(y) = y**2 - 108*y + 816. Let m be i(100). Calculate the greatest common divisor of m and 37.
1
Let g be 7267 - ((-12)/(-33) - (-1305)/495). Calculate the highest common divisor of 1589 and g.
227
Suppose -280 = 8*p - 17*p - 19*p. Suppose m - 40 = -3*m. What is the greatest common divisor of m and p?
10
Let d(r) = -150*r - 4. Let k be d(-1). Let g = -112 + k. What is the highest common divisor of g and 34?
34
Let l be 190 - (2 - -2) - 5. Let k = l - 131. What is the highest common factor of 150 and k?
50
Let q = -35 - -52. Let t = -119 + 122. Suppose -106 = -t*z + 98. Calculate the greatest common factor of z and q.
17
Let u = 204 + -199. Let m be ((-1144)/(-16))/(u/20). Calculate the greatest common factor of 22 and m.
22
Suppose n + 1 = 0, 14 - 37 = -3*g + 2*n. Suppose 2*p + 324 = 3*p. Suppose k = g*k - p. Calculate the highest common factor of k and 36.
18
Let l be (2/(-5))/((-2)/40). Let g = -1069 + 1126. Suppose -5*p = -g - 43. What is the highest common factor of p and l?
4
Let w(p) = -3*p**2 - 4*p + 25. Let l be w(-6). Let u = l + 70. Suppose 8*b - u*b = -33. What is the greatest common factor of b and 88?
11
Let a be 18/(-63) - (-186)/14. Suppose 0 = -5*z + a + 37. Suppose -2*g + 3*w = -6, -3*g = -5*g + w + z. What is the highest common divisor of 48 and g?
6
Suppose 2*x = 2*r - 4, 3*r - 5 = -5*x + 1. Suppose r*p = -p + 72. Let z be (27/(-12))/(0 + (-9)/p). What is the highest common factor of z and 54?
6
Suppose 354*q + 9908 = 355*q - 2*r, 49638 = 5*q + 4*r. What is the highest common divisor of q and 410?
82
Let f be 26/(-2) - 3*(-4)/12. Let c(m) = m**2 + 9*m - 6. Let s be c(f). Suppose -3*d + s - 15 = 0. Calculate the greatest common divisor of d and 5.
5
Suppose -6*r = -4*r - 8, 0 = 5*q + 3*r - 87. Calculate the highest common factor of 1545 and q.
15
Suppose 10*g - 30 = 4*g. Let u be (5 - g)/2 + 2. Suppose 3*n + t - 294 = 0, 3*t + 498 = 5*n + u*t. Calculate the greatest common divisor of n and 9.
9
Let k(t) = -t**2 + 72*t + 568. Let m be k(44). Calculate the highest common divisor of 200 and m.
200
Suppose 69*v - 445795 = -34*v + 376866. What is the highest common divisor of v and 49?
49
Let i be 154/(-33)*(-252)/28. Let n be 1*-4 + 239 + -4. What is the highest common factor of n and i?
21
Suppose -5*i = 7*i - 36. Suppose i*a + 2*a - 59 = 4*d, -4*a + d + 56 = 0. What is the highest common factor of a and 75?
15
Let r = 181 - 314. Let i = -97 - r. What is the greatest common factor of 9 and i?
9
Let k(j) = 3*j**2 - 7. Let h be k(8). Let u(x) = 20*x**2 + 117*x - 50. Let m be u(-7). What is the greatest common factor of h and m?
37
Suppose 281 = 5*i - 479. Let w(t) = -t**3 + 8*t**2 + 23*t - 12. Let f be w(9). What is the highest common factor of f and i?
38
Suppose 0 = i - 92 - 6. Suppose -2*y + i = 4*g - 0, -4*g + 3*y = -123. Calculate the greatest common factor of g and 15.
3
Suppose -3*d = 3, 4*o - 2*d - 17 = 3*d. Suppose 2 = w - o*w. Let t be (1 - -15)*(15/(-10))/w. Calculate the highest common divisor of 216 and t.
24
Suppose -3*b = 3*l - 36, 0 = -4*b - 2*l + 17 + 39. Let p = -15 + 14. Let z be p + 579/9 + (-8)/(-12). What is the highest common factor of z and b?
16
Suppose 3*l + 2*d = -9, d = 3*d. Let i = l - -7. Suppose -11 - 1 = -4*z, 3*z = i*p - 127. What is the highest common divisor of p and 34?
34
Suppose -5*m = -2*j + 53059, 144*j + 4*m + 53060 = 146*j. Calculate the highest common divisor of 22 and j.
22
Suppose 0 = -5*k - 2*j + 2824, 2*k - 4*j = 7*k - 2828. Suppose 0 = -4*t + 8*t - k. What is the greatest common factor of 188 and t?
47
Let s be (-2)/6 + (-1 - (-220)/3). Let q be (28/(-6))/(12/s). Let d = q + 43. Calculate the highest common factor of d and 60.
15
Let n be 2 + 0 - (-224)/8*-41. Suppose 5*l - 2*l = -2115. Let w = l - n. Calculate the highest common factor of 49 and w.
49
Let y(d) = -d**2 - 17*d + 15. Let l be y(-17). Let b = 25 - l. Calculate the greatest common divisor of 50 and b.
10
Let h be -13*(-105)/(35/5). Let c(a) = 11*a - 5. Let x be c(4). What is the highest common factor of h and x?
39
Let h be -792 + (-21)/6*48/28. Let a = -726 - h. Calculate the highest common factor of a and 40.
8
Let c = -15155 - -15708. Calculate the greatest common factor of 6241 and c.
79
Let b(j) = -5*j**2 + 0*j**3 - 53 - j**3 - j + 57. Let p be b(-4). Let r be (3*p/6)/((-2)/15). Calculate the greatest common factor of r and 75.
15
Let t = -63958 + 36190. Let y be t/(-195) - 3/(-5). Calculate the greatest common divisor of y and 13.
13
Let w = -9871 - -12417. What is the greatest common divisor of w and 1608?
134
Let t be 44 - 3/3 - 1. Suppose -4*b + 4*q = -64, 0 = -2*b - 8*q + 5*q + 57. Calculate the highest common factor of b and t.
21
Suppose 9*h = 5*t + 6*h - 27, -t = 4*h - 10. Let f be 2990/t - (-29)/(-87). Calculate the highest common divisor of 6 and f.
6
Let l = 431 + -397. Let o = -156 - -224. Calculate the greatest common factor of o and l.
34
Let y be 2/4*(6 - -12). Let i be (-5 + 1)*1 + y. Suppose -i*v + 1877 = 212. Calculate the highest common divisor of 37 and v.
37
Let m be 276/207 + (-1)/(6/(-1216)). Calculate the highest common factor of m and 588.
12
Let u = 391 + -146. Suppose -13*m + 197 = -u. Calculate the greatest common factor of m and 17.
17
Suppose -161077 = -27*f + 7*f + 70543. Calculate the greatest common divisor of f and 74.
37
Suppose 5*a + 284 = 4*a. Let b = a - -320. Calculate the greatest common factor of b and 9.
9
Let n(p) = -3*p - 21. Let o be n(-7). Suppose 0 = -2*c - o*c + 84. Suppose -f = 2*k - 6*k + 76, -3*k = 3*f - c. Calculate the highest common factor of 6 and k.
6
Let q be ((-18)/(-72) - (-29)/(-20))*(-3180)/36. What is the greatest common factor of 10 and q?
2
Let g(c) = c**2 - 18*c - 3. Let h be g(23). Suppose 872 + h = 12*d. What is the greatest common factor of d and 205?
41
Suppose 109*p - 7216 = 65*p. Suppose 3 = 3*g, -5*g + g + 8 = w. What is the highest common divisor of p and w?
4
Suppose -2*j = -124 + 32. Let n be ((-667)/j)/((-2)/4). What is the greatest common factor of n and 87?
29
Let l(q) = q**3 + 67*q**2 + 8*q + 626. Let p be l(-67). What is the greatest common factor of 54 and p?
18
Suppose 2*y = 3*v - 6, v + 4*y = 3*v + 4. Suppose 145 = v*i - 107. Suppose 89*n = 92*n - i. What is the greatest common divisor of 21 and n?
21
Let g be (-16 + 12)/(10/180*-8). What is the highest common divisor of 20781 and g?
9
Suppose 3*f + 39 - 45 = 0. Suppose -2*x + 0*p - 2*p + 10 = 0, f*x - 4 = -5*p. Calculate the greatest common factor of x and 14.
7
Let a = 27269 - 27171. Let w(j) = 3*j**2 - 8*j - 4. Let t be w(6). Calculate the highest common divisor of t and a.
14
Let t = 353 - 67. Let j = -98404 + 98456. Calculat